85839?
3, 239, 3467
List the prime factors of 410668.
2, 102667
What are the prime factors of 3824375?
5, 29, 211
What are the prime factors of 227995?
5, 45599
List the prime factors of 319222.
2, 193, 827
List the prime factors of 3160312.
2, 395039
What are the prime factors of 15573404?
2, 7, 11, 59, 857
What are the prime factors of 1114151?
29, 103, 373
List the prime factors of 1286211.
3, 41, 10457
What are the prime factors of 1042512?
2, 3, 37, 587
What are the prime factors of 271065?
3, 5, 17, 1063
List the prime factors of 4018859.
13, 23, 13441
List the prime factors of 30375.
3, 5
List the prime factors of 3222989.
7, 11, 19, 2203
List the prime factors of 43599.
3, 14533
What are the prime factors of 2797272?
2, 3, 38851
List the prime factors of 194011.
131, 1481
What are the prime factors of 17724340?
2, 5, 19, 46643
List the prime factors of 4637505.
3, 5, 309167
List the prime factors of 16558694.
2, 61, 135727
List the prime factors of 50281.
7, 11, 653
What are the prime factors of 280741?
53, 5297
What are the prime factors of 21477025?
5, 859081
What are the prime factors of 3543973?
17, 208469
What are the prime factors of 14050011?
3, 4683337
What are the prime factors of 4745090?
2, 5, 7, 53, 1279
What are the prime factors of 1891682?
2, 13, 31, 2347
What are the prime factors of 1882511?
227, 8293
List the prime factors of 1676673.
3, 62099
List the prime factors of 3937193.
13, 23297
List the prime factors of 14047188.
2, 3, 1170599
What are the prime factors of 243539?
243539
List the prime factors of 463171.
31, 67, 223
What are the prime factors of 42712?
2, 19, 281
What are the prime factors of 3205430?
2, 5, 73, 4391
What are the prime factors of 236181?
3, 11, 17, 421
What are the prime factors of 40829?
40829
List the prime factors of 2752052.
2, 688013
What are the prime factors of 3282970?
2, 5, 233, 1409
What are the prime factors of 10989093?
3, 3663031
List the prime factors of 108902.
2, 17, 3203
List the prime factors of 582038.
2, 23, 12653
What are the prime factors of 11821271?
7, 11, 153523
List the prime factors of 2476509.
3, 7, 17, 991
What are the prime factors of 4433?
11, 13, 31
List the prime factors of 340648.
2, 7, 11, 79
What are the prime factors of 2405757?
3, 41, 19559
List the prime factors of 379508.
2, 17, 5581
What are the prime factors of 7236774?
2, 3, 402043
What are the prime factors of 4699943?
29, 43, 3769
What are the prime factors of 5807690?
2, 5, 7, 163, 509
What are the prime factors of 5787155?
5, 11, 43, 2447
What are the prime factors of 64419?
3, 109, 197
List the prime factors of 2209232.
2, 138077
List the prime factors of 1460740.
2, 5, 73037
List the prime factors of 321592.
2, 61, 659
List the prime factors of 346293.
3, 109, 353
What are the prime factors of 220467?
3, 13, 5653
List the prime factors of 38011.
38011
What are the prime factors of 4460387?
37, 120551
What are the prime factors of 544595?
5, 17, 43, 149
List the prime factors of 20586.
2, 3, 47, 73
List the prime factors of 1076281.
1076281
What are the prime factors of 245103?
3, 81701
What are the prime factors of 463064?
2, 7, 8269
List the prime factors of 1349215.
5, 7, 5507
List the prime factors of 6974617.
13, 536509
List the prime factors of 104497.
83, 1259
What are the prime factors of 1569692?
2, 392423
What are the prime factors of 7932839?
7932839
What are the prime factors of 341891?
11, 31081
What are the prime factors of 110163?
3, 36721
What are the prime factors of 841661?
841661
List the prime factors of 82326.
2, 3, 13721
List the prime factors of 327385.
5, 41, 1597
What are the prime factors of 13873556?
2, 67, 51767
List the prime factors of 8550886.
2, 751, 5693
What are the prime factors of 92989?
13, 23, 311
List the prime factors of 405334.
2, 202667
What are the prime factors of 5624411?
13, 59, 7333
List the prime factors of 2057538.
2, 3, 7, 48989
What are the prime factors of 235957?
23, 10259
What are the prime factors of 75630?
2, 3, 5, 2521
What are the prime factors of 473178?
2, 3, 17, 4639
What are the prime factors of 184227?
3, 61409
What are the prime factors of 774946?
2, 43, 9011
What are the prime factors of 3942300?
2, 3, 5, 17, 773
What are the prime factors of 3974219?
3974219
What are the prime factors of 9788803?
1399, 6997
What are the prime factors of 862037?
11, 78367
List the prime factors of 11738597.
13, 167, 5407
List the prime factors of 805728.
2, 3, 7, 11, 109
List the prime factors of 235538.
2, 29, 31, 131
List the prime factors of 253710.
2, 3, 5, 2819
List the prime factors of 11218997.
17, 659941
List the prime factors of 279531.
3, 7, 17, 29
List the prime factors of 232414.
2, 7, 13, 1277
List the prime factors of 1082156.
2, 270539
What are the prime factors of 605932?
2, 151483
List the prime factors of 9991154.
2, 23, 217199
List the prime factors of 175681.
11, 15971
What are the prime factors of 555120?
2, 3, 5, 257
List the prime factors of 77404.
2, 37, 523
List the prime factors of 18878922.
2, 3, 1048829
What are the prime factors of 11830207?
11830207
What are the prime factors of 857233?
13, 23, 47, 61
List the prime factors of 2442075.
3, 5, 32561
List the prime factors of 380817.
3, 17, 19, 131
What are the prime factors of 4366293?
3, 1455431
List the prime factors of 3365537.
7, 29, 59, 281
What are the prime factors of 15654289?
7, 2236327
List the prime factors of 1961111.
37, 53003
List the prime factors of 14432187.
3, 7, 11, 62477
What are the prime factors of 11890894?
2, 139, 42773
What are the prime factors of 205847?
205847
List the prime factors of 19674844.
2, 7, 23, 137, 223
List the prime factors of 81315.
3, 5, 13, 139
What are the prime factors of 454482?
2, 3, 7, 3607
What are the prime factors of 1398880?
2, 5, 7, 1249
List the prime factors of 9118918.
2, 4559459
List the prime factors of 3982038.
2, 3, 89, 7457
What are the prime factors of 815753?
43, 61, 311
What are the prime factors of 2816761?
89, 31649
What are the prime factors of 2202891?
3, 31, 23687
What are the prime factors of 13455421?
7, 41, 173, 271
List the prime factors of 784910.
2, 5, 7, 11213
What are the prime factors of 11894267?
7, 11, 113, 1367
List the prime factors of 260886.
2, 3, 43481
What are the prime factors of 2111964?
2, 3, 19, 59, 157
List the prime factors of 444474.
2, 3, 8231
List the prime factors of 3962046.
2, 3, 11, 173, 347
List the prime factors of 4111662.
2, 3, 37, 18521
List the prime factors of 172227.
3, 11, 17, 307
What are the prime factors of 9887463?
3, 29, 43, 881
What are the prime factors of 2177133?
3, 7, 43, 2411
List the prime factors of 630988.
2, 157747
List the prime factors of 8007560.
2, 5, 11, 18199
List the prime factors of 224171.
224171
List the prime factors of 1130556.
2, 3, 7, 43, 313
List the prime factors of 1402829.
1402829
What are the prime factors of 770922?
2, 3, 42829
List the prime factors of 25837.
7, 3691
What are the prime factors of 236037?
3, 19, 41, 101
What are the prime factors of 68604?
2, 3, 5717
List the prime factors of 2983118.
2, 211, 7069
List the prime factors of 5757575.
5, 230303
List the prime factors of 231285.
3, 5, 17, 907
List the prime factors of 752698.
2, 23, 16363
List the prime factors of 9866232.
2, 3, 45677
What are the prime factors of 7244166?
2, 3, 449, 2689
List the prime factors of 3442092.
2, 3, 17, 47, 359
List the prime factors of 5622006.
2, 3, 13, 72077
List the prime factors of 250432.
2, 7, 13, 43
List the prime factors of 239412.
2, 3, 71, 281
What are the prime factors of 13663351?
13, 1051027
What are the prime factors of 15476086?
2, 17, 379, 1201
What are the prime factors of 730326?
2, 3, 121721
List the prime factors of 3799.
29, 131
List the prime factors of 5666674.
2, 13, 19, 11471
List the prime factors of 94064.
2, 5879
List the prime factors of 10019453.
10019453
What are the prime factors of 1127322?
2, 3, 7, 23, 389
What are the prime factors of 962974?
2, 29, 16603
List the prime factors of 11946197.
1031, 11587
List the prime factors of 14464562.
2, 7, 23, 29, 1549
List the prime factors of 292895.
5, 58579
What are the prime factors of 20606271?
3, 7, 659, 1489
List the prime factors of 32832716.
2, 7, 79